272
What is the remainder when 3163638 is divided by 499?
477
What is the remainder when 388968 is divided by 7549?
3969
What is the remainder when 1806565 is divided by 836?
805
What is the remainder when 20190942 is divided by 55622?
156
Calculate the remainder when 2375432 is divided by 339346.
10
Calculate the remainder when 438343 is divided by 848.
775
Calculate the remainder when 146626 is divided by 178.
132
Calculate the remainder when 13838133 is divided by 20055.
183
Calculate the remainder when 59885 is divided by 9892.
533
Calculate the remainder when 8253601 is divided by 4126795.
11
Calculate the remainder when 782246 is divided by 2162.
1764
Calculate the remainder when 96238 is divided by 5647.
239
Calculate the remainder when 85544 is divided by 2739.
635
What is the remainder when 4595148 is divided by 95?
93
What is the remainder when 2557020 is divided by 159813?
12
Calculate the remainder when 7050107 is divided by 1648.
1611
What is the remainder when 7295880 is divided by 114?
108
Calculate the remainder when 130868 is divided by 5939.
210
What is the remainder when 1524388 is divided by 183?
181
What is the remainder when 55547 is divided by 224?
219
What is the remainder when 829616 is divided by 829587?
29
What is the remainder when 48888841 is divided by 1007?
1005
Calculate the remainder when 8727016 is divided by 233.
1
What is the remainder when 1722855 is divided by 5642?
2045
What is the remainder when 172593 is divided by 57340?
573
Calculate the remainder when 109089 is divided by 3600.
1089
What is the remainder when 158059889 is divided by 4412?
4401
Calculate the remainder when 86173 is divided by 639.
547
What is the remainder when 881237 is divided by 6243?
974
Calculate the remainder when 3329453 is divided by 1576.
941
What is the remainder when 27538 is divided by 1470?
1078
What is the remainder when 568141 is divided by 189368?
37
What is the remainder when 229338 is divided by 76445?
3
Calculate the remainder when 26791470 is divided by 5.
0
Calculate the remainder when 2959931 is divided by 369991.
3
What is the remainder when 42714009 is divided by 10?
9
What is the remainder when 2446245 is divided by 19?
14
Calculate the remainder when 3141910 is divided by 21818.
118
What is the remainder when 70195818 is divided by 16234?
2
Calculate the remainder when 3058885 is divided by 58.
23
What is the remainder when 48598 is divided by 1449?
781
Calculate the remainder when 158628 is divided by 52428.
1344
What is the remainder when 4373325338 is divided by 77?
74
What is the remainder when 453467 is divided by 141?
11
Calculate the remainder when 104431 is divided by 778.
179
Calculate the remainder when 73978 is divided by 36412.
1154
Calculate the remainder when 889775 is divided by 8084.
535
Calculate the remainder when 963974 is divided by 157.
151
What is the remainder when 111400977 is divided by 2372?
2369
What is the remainder when 1330525 is divided by 61?
54
What is the remainder when 987583749 is divided by 387?
384
Calculate the remainder when 184770 is divided by 300.
270
Calculate the remainder when 24958 is divided by 979.
483
Calculate the remainder when 17380 is divided by 6507.
4366
What is the remainder when 19235 is divided by 6225?
560
Calculate the remainder when 333985 is divided by 14836.
7593
Calculate the remainder when 2519138 is divided by 202.
198
What is the remainder when 5608 is divided by 3116?
2492
What is the remainder when 2736616 is divided by 10445?
26
Calculate the remainder when 69596 is divided by 5793.
80
What is the remainder when 11609778 is divided by 4?
2
Calculate the remainder when 4913920 is divided by 219.
217
What is the remainder when 621982 is divided by 3420?
2962
Calculate the remainder when 125151 is divided by 8343.
6
What is the remainder when 302547 is divided by 151262?
23
Calculate the remainder when 13585 is divided by 10413.
3172
What is the remainder when 636042 is divided by 253?
0
What is the remainder when 12675824 is divided by 294?
14
What is the remainder when 92239891 is divided by 46119944?
3
Calculate the remainder when 22469200 is divided by 216050.
0
Calculate the remainder when 580720 is divided by 580201.
519
What is the remainder when 3312476 is divided by 3312461?
15
What is the remainder when 572944679 is divided by 8193?
8189
Calculate the remainder when 18088221 is divided by 168.
165
Calculate the remainder when 2671518 is divided by 178101.
3
What is the remainder when 64029 is divided by 62949?
1080
What is the remainder when 2216193 is divided by 443166?
363
What is the remainder when 188845 is divided by 1000?
845
Calculate the remainder when 3330802 is divided by 255.
247
What is the remainder when 2123123 is divided by 235883?
176
Calculate the remainder when 43801689 is divided by 170.
169
Calculate the remainder when 293412021 is divided by 2088.
2085
What is the remainder when 20607601 is divided by 56?
49
Calculate the remainder when 233573 is divided by 11.
10
What is the remainder when 1908923 is divided by 10263?
5
Calculate the remainder when 11734946 is divided by 627.
14
What is the remainder when 68460279 is divided by 384?
375
What is the remainder when 1689377 is divided by 140771?
125
What is the remainder when 18715247 is divided by 514?
507
What is the remainder when 465030102 is divided by 367?
365
Calculate the remainder when 19031213 is divided by 134.
131
Calculate the remainder when 762390 is divided by 380902.
586
Calculate the remainder when 187449 is divided by 5066.
7
What is the remainder when 94215028 is divided by 23553756?
4
What is the remainder when 60064497 is divided by 1725?
1722
Calculate the remainder when 73742 is divided by 10315.
1537
Calculate the remainder when 1276012 is divided by 3430.
52
What is the remainder when 447268 is divided by 6389?
38
Calculate the remainder when 4103098 is divided by 291.
289
What is the remainder when 377133 is divided by 216?
213
Calculate the remainder when 4365416 is divided by 4042.
56
What is the remainder when 3625 is divided by 1012?
589
What is the remainder when 114852 is divided by 198?
12
Calculate the remainder when 2208068 is divided by 75.
68
What is the remainder when 104022 is divided by 25965?
162
What is the remainder when 73566840 is divided by 1942?
1938
Calculate the remainder when 29959207 is divided by 80.
7
Calculate the remainder when 106084107 is divided by 785.
777
Calculate the remainder when 2701756 is divided by 168859.
12
Calculate the remainder when 23580690 is divided by 45699.
6
Calculate the remainder when 42646829 is divided by 5983.
5
What is the remainder when 5480188 is divided by 2740090?
8
What is the remainder when 128869 is divided by 122722?
6147
Calculate the remainder when 691673 is divided by 57505.
1613
What is the remainder when 430358 is divided by 6941?
16
What is the remainder when 975299778 is divided by 10?
8
Calculate the remainder when 28601 is divided by 26759.
1842
Calculate the remainder when 556542 is divided by 209.
184
Calculate the remainder when 291502024 is divided by 87.
85
What is the remainder when 38746150 is divided by 149599?
9
What is the remainder when 1604796 is divided by 744?
732
What is the remainder when 9198296 is divided by 2427?
2393
Calculate the remainder when 17634 is divided by 1355.
19
What is the remainder when 6183155 is divided by 9?
2
What is the remainder when 448782 is divided by 1798?
1080
What is the remainder when 28208950 is divided by 73?
71
What is the remainder when 9457046 is divided by 49?
46
Calculate the remainder when 46865673 is divided by 1823.
1812
What is the remainder when 2264046 is divided by 533?
395
What is the remainder when 106154 is divided by 106052?
102
Calculate the remainder when 48300888 is divided by 5362.
5354
What is the remainder when 17640843 is divided by 183?
9
Calculate the remainder when 5172479 is divided by 1442.
25
What is the remainder when 896458 is divided by 12?
10
Calculate the remainder when 12178187 is divided by 12.
11
Calculate the remainder when 103586164 is divided by 6307.
6303
What is the remainder when 1456038 is divided by 111999?
51
Calculate the remainder when 124101 is divided by 124086.
